{"id":95,"date":"2022-03-11T17:21:28","date_gmt":"2022-03-11T16:21:28","guid":{"rendered":"http:\/\/www.linda-neue.de\/sb\/wordpress\/?page_id=95"},"modified":"2022-05-06T09:50:43","modified_gmt":"2022-05-06T07:50:43","slug":"gelaende","status":"publish","type":"page","link":"http:\/\/www.linda-neue.de\/sb\/wordpress\/gelaende\/","title":{"rendered":"GEL\u00c4NDE"},"content":{"rendered":"\n<p style=\"font-size:30px\"><strong>DAS GEL\u00c4NDE<\/strong><\/p>\n\n\n\n<p><strong>Auf 53.000 m\u00b2 Grundfl\u00e4che bietet Schloss Br\u00f6llin sowohl im in- wie im outdoor Bereich Probenr\u00e4ume und Studios in allen Gr\u00f6\u00dfenordnungen.<\/strong><\/p>\n\n\n\n<p>Neben modernen, zweckm\u00e4\u00dfig ausgestatteten und multifunktional nutzbaren R\u00e4umen f\u00fcr Workshops, Seminare und Tagungen steht ein weitr\u00e4umiges Au\u00dfengel\u00e4nde f\u00fcr teilnehmerstarke oder experimentellen Darstellungsformen zu Verf\u00fcgung.<\/p>\n\n\n\n<figure class=\"wp-block-image alignwide size-full is-style-default\"><img loading=\"lazy\" decoding=\"async\" width=\"927\" height=\"618\" src=\"http:\/\/www.linda-neue.de\/sb\/wordpress\/wp-content\/uploads\/2022\/03\/gutshaus_web_fritz.jpg\" alt=\"\" class=\"wp-image-78\" srcset=\"http:\/\/www.linda-neue.de\/sb\/wordpress\/wp-content\/uploads\/2022\/03\/gutshaus_web_fritz.jpg 927w, http:\/\/www.linda-neue.de\/sb\/wordpress\/wp-content\/uploads\/2022\/03\/gutshaus_web_fritz-300x200.jpg 300w, http:\/\/www.linda-neue.de\/sb\/wordpress\/wp-content\/uploads\/2022\/03\/gutshaus_web_fritz-768x512.jpg 768w\" sizes=\"auto, (max-width: 927px) 100vw, 927px\" \/><figcaption><sup>Zeichnung: Fritz Schl\u00fcter&nbsp;<\/sup><\/figcaption><\/figure>\n\n\n\n<p>Auf unserem Gel\u00e4nde befinden sich neben einer Trainingswiese hinter dem Schafsstall, dem Park hinter dem Gutshaus auch noch zahlreiche Fl\u00e4chen zwischen den Geb\u00e4uden. Zwischen dem Mittelhaus und dem Schafstall befindet sich eine \u00fcberdachte Rampe, die als B\u00fchne genutzt werden kann. Freifl\u00e4chen f\u00fcr Feierlichkeiten und W\u00e4nde, die f\u00fcr Projektionen geeignet sind, finden sich zwischen dem Speicher und dem Gutshaus. Au\u00dferdem kann mit Bestuhlung eine h\u00f6her gelegene Fl\u00e4che als B\u00fchne genutzt werden. F\u00fcr die Probe von Paraden und mit Gro\u00dfger\u00e4ten bietet sich die&nbsp;M\u00f6glichkeit einen rechteckigen Parkur von 240 m zu laufen, zu fahren&nbsp;oder zu stelzen. Der Untergrund ist teilweise Wiese, teilweise Kopfsteinpflaster. Ideal f\u00fcr Literaten, Stra\u00dfentheatermacher und Kollegen, die den \u00f6ffentlichen Raum suchen und nutzen.<\/p>\n\n\n\n<figure class=\"wp-block-image size-large is-style-default\"><img loading=\"lazy\" decoding=\"async\" width=\"1024\" height=\"683\" src=\"http:\/\/www.linda-neue.de\/sb\/wordpress\/wp-content\/uploads\/2022\/03\/3VH7697-1024x683.jpg\" alt=\"\" class=\"wp-image-348\" srcset=\"http:\/\/www.linda-neue.de\/sb\/wordpress\/wp-content\/uploads\/2022\/03\/3VH7697-1024x683.jpg 1024w, http:\/\/www.linda-neue.de\/sb\/wordpress\/wp-content\/uploads\/2022\/03\/3VH7697-300x200.jpg 300w, http:\/\/www.linda-neue.de\/sb\/wordpress\/wp-content\/uploads\/2022\/03\/3VH7697-768x512.jpg 768w, http:\/\/www.linda-neue.de\/sb\/wordpress\/wp-content\/uploads\/2022\/03\/3VH7697-1536x1024.jpg 1536w, http:\/\/www.linda-neue.de\/sb\/wordpress\/wp-content\/uploads\/2022\/03\/3VH7697.jpg 1920w\" sizes=\"auto, (max-width: 1024px) 100vw, 1024px\" \/><\/figure>\n\n\n\n<figure class=\"wp-block-image size-large is-style-default\"><img loading=\"lazy\" decoding=\"async\" width=\"1024\" height=\"683\" src=\"http:\/\/www.linda-neue.de\/sb\/wordpress\/wp-content\/uploads\/2022\/03\/DSC7690-1024x683.jpg\" alt=\"\" class=\"wp-image-349\" srcset=\"http:\/\/www.linda-neue.de\/sb\/wordpress\/wp-content\/uploads\/2022\/03\/DSC7690-1024x683.jpg 1024w, http:\/\/www.linda-neue.de\/sb\/wordpress\/wp-content\/uploads\/2022\/03\/DSC7690-300x200.jpg 300w, http:\/\/www.linda-neue.de\/sb\/wordpress\/wp-content\/uploads\/2022\/03\/DSC7690-768x512.jpg 768w, http:\/\/www.linda-neue.de\/sb\/wordpress\/wp-content\/uploads\/2022\/03\/DSC7690-1536x1024.jpg 1536w, http:\/\/www.linda-neue.de\/sb\/wordpress\/wp-content\/uploads\/2022\/03\/DSC7690-2048x1365.jpg 2048w\" sizes=\"auto, (max-width: 1024px) 100vw, 1024px\" \/><\/figure>\n\n\n\n<figure class=\"wp-block-image size-large is-style-default\"><img loading=\"lazy\" decoding=\"async\" width=\"1024\" height=\"683\" src=\"http:\/\/www.linda-neue.de\/sb\/wordpress\/wp-content\/uploads\/2022\/03\/5VH7376-1024x683.jpg\" alt=\"\" class=\"wp-image-351\" srcset=\"http:\/\/www.linda-neue.de\/sb\/wordpress\/wp-content\/uploads\/2022\/03\/5VH7376-1024x683.jpg 1024w, http:\/\/www.linda-neue.de\/sb\/wordpress\/wp-content\/uploads\/2022\/03\/5VH7376-300x200.jpg 300w, http:\/\/www.linda-neue.de\/sb\/wordpress\/wp-content\/uploads\/2022\/03\/5VH7376-768x512.jpg 768w, http:\/\/www.linda-neue.de\/sb\/wordpress\/wp-content\/uploads\/2022\/03\/5VH7376-1536x1024.jpg 1536w, http:\/\/www.linda-neue.de\/sb\/wordpress\/wp-content\/uploads\/2022\/03\/5VH7376.jpg 1920w\" sizes=\"auto, (max-width: 1024px) 100vw, 1024px\" \/><\/figure>\n\n\n\n<figure class=\"wp-block-image size-large is-style-default\"><img loading=\"lazy\" decoding=\"async\" width=\"1024\" height=\"683\" src=\"http:\/\/www.linda-neue.de\/sb\/wordpress\/wp-content\/uploads\/2022\/03\/3VH7628-1024x683.jpg\" alt=\"\" class=\"wp-image-352\" srcset=\"http:\/\/www.linda-neue.de\/sb\/wordpress\/wp-content\/uploads\/2022\/03\/3VH7628-1024x683.jpg 1024w, http:\/\/www.linda-neue.de\/sb\/wordpress\/wp-content\/uploads\/2022\/03\/3VH7628-300x200.jpg 300w, http:\/\/www.linda-neue.de\/sb\/wordpress\/wp-content\/uploads\/2022\/03\/3VH7628-768x512.jpg 768w, http:\/\/www.linda-neue.de\/sb\/wordpress\/wp-content\/uploads\/2022\/03\/3VH7628-1536x1024.jpg 1536w, http:\/\/www.linda-neue.de\/sb\/wordpress\/wp-content\/uploads\/2022\/03\/3VH7628.jpg 1920w\" sizes=\"auto, (max-width: 1024px) 100vw, 1024px\" \/><\/figure>\n\n\n\n<figure class=\"wp-block-image size-large is-resized is-style-default\"><img loading=\"lazy\" decoding=\"async\" src=\"http:\/\/www.linda-neue.de\/sb\/wordpress\/wp-content\/uploads\/2022\/03\/DSC3560-1024x683.jpg\" alt=\"\" class=\"wp-image-353\" width=\"680\" height=\"453\" srcset=\"http:\/\/www.linda-neue.de\/sb\/wordpress\/wp-content\/uploads\/2022\/03\/DSC3560-1024x683.jpg 1024w, http:\/\/www.linda-neue.de\/sb\/wordpress\/wp-content\/uploads\/2022\/03\/DSC3560-300x200.jpg 300w, http:\/\/www.linda-neue.de\/sb\/wordpress\/wp-content\/uploads\/2022\/03\/DSC3560-768x512.jpg 768w, http:\/\/www.linda-neue.de\/sb\/wordpress\/wp-content\/uploads\/2022\/03\/DSC3560-1536x1024.jpg 1536w, http:\/\/www.linda-neue.de\/sb\/wordpress\/wp-content\/uploads\/2022\/03\/DSC3560.jpg 1920w\" sizes=\"auto, (max-width: 680px) 100vw, 680px\" \/><figcaption><sup>Fotos: Peter van Heesen<\/sup><\/figcaption><\/figure>\n\n\n\n<p class=\"has-text-align-center\"><a class=\"maxbutton-10 maxbutton maxbutton-zuruck-zur-ubersicht\" title=\"ZUR\u00dcCK ZUR \u00dcBERSICHT\" href=\"http:\/\/www.linda-neue.de\/sb\/wordpress\/ort\/\"><span class='mb-text'>ZUR\u00dcCK ZUR \u00dcBERSICHT<\/span><\/a><\/p>\n\n\n\n<p><\/p>\n","protected":false},"excerpt":{"rendered":"<p>DAS GEL\u00c4NDE Auf 53.000 m\u00b2 Grundfl\u00e4che bietet Schloss Br\u00f6llin sowohl im in- wie im outdoor Bereich Probenr\u00e4ume und Studios in allen Gr\u00f6\u00dfenordnungen. Neben modernen, zweckm\u00e4\u00dfig ausgestatteten und multifunktional nutzbaren R\u00e4umen f\u00fcr Workshops, Seminare und Tagungen steht ein weitr\u00e4umiges Au\u00dfengel\u00e4nde f\u00fcr teilnehmerstarke oder experimentellen Darstellungsformen zu Verf\u00fcgung. Auf unserem Gel\u00e4nde befinden sich neben einer Trainingswiese hinter [&hellip;]<\/p>\n","protected":false},"author":1,"featured_media":0,"parent":0,"menu_order":0,"comment_status":"closed","ping_status":"closed","template":"","meta":{"footnotes":""},"class_list":["post-95","page","type-page","status-publish","hentry"],"_links":{"self":[{"href":"http:\/\/www.linda-neue.de\/sb\/wordpress\/wp-json\/wp\/v2\/pages\/95","targetHints":{"allow":["GET"]}}],"collection":[{"href":"http:\/\/www.linda-neue.de\/sb\/wordpress\/wp-json\/wp\/v2\/pages"}],"about":[{"href":"http:\/\/www.linda-neue.de\/sb\/wordpress\/wp-json\/wp\/v2\/types\/page"}],"author":[{"embeddable":true,"href":"http:\/\/www.linda-neue.de\/sb\/wordpress\/wp-json\/wp\/v2\/users\/1"}],"replies":[{"embeddable":true,"href":"http:\/\/www.linda-neue.de\/sb\/wordpress\/wp-json\/wp\/v2\/comments?post=95"}],"version-history":[{"count":11,"href":"http:\/\/www.linda-neue.de\/sb\/wordpress\/wp-json\/wp\/v2\/pages\/95\/revisions"}],"predecessor-version":[{"id":1070,"href":"http:\/\/www.linda-neue.de\/sb\/wordpress\/wp-json\/wp\/v2\/pages\/95\/revisions\/1070"}],"wp:attachment":[{"href":"http:\/\/www.linda-neue.de\/sb\/wordpress\/wp-json\/wp\/v2\/media?parent=95"}],"curies":[{"name":"wp","href":"https:\/\/api.w.org\/{rel}","templated":true}]}}